{"id":413,"date":"2025-05-05T21:06:15","date_gmt":"2025-05-05T19:06:15","guid":{"rendered":"https:\/\/mandarabeach.harko.fr\/?post_type=avada_faq&#038;p=413"},"modified":"2025-05-05T21:06:15","modified_gmt":"2025-05-05T19:06:15","slug":"est-il-possible-de-deposer-les-bagages-dans-le-logement-ou-la-propriete-plus-tot-que-lhoraire-du-check-in","status":"publish","type":"avada_faq","link":"https:\/\/mandarabeach.com\/fr\/faqs\/est-il-possible-de-deposer-les-bagages-dans-le-logement-ou-la-propriete-plus-tot-que-lhoraire-du-check-in\/","title":{"rendered":"Est-il possible de d\u00e9poser les bagages dans le logement ou la propri\u00e9t\u00e9 plus t\u00f4t que l\u2019horaire du check-in ?"},"content":{"rendered":"<div class=\"fusion-fullwidth fullwidth-box fusion-builder-row-1 fusion-flex-container has-pattern-background has-mask-background nonhundred-percent-fullwidth non-hundred-percent-height-scrolling\" style=\"--awb-border-radius-top-left:0px;--awb-border-radius-top-right:0px;--awb-border-radius-bottom-right:0px;--awb-border-radius-bottom-left:0px;--awb-flex-wrap:wrap;\" ><div class=\"fusion-builder-row fusion-row fusion-flex-align-items-flex-start fusion-flex-content-wrap\" style=\"max-width:1248px;margin-left: calc(-4% \/ 2 );margin-right: calc(-4% \/ 2 );\"><div class=\"fusion-layout-column fusion_builder_column fusion-builder-column-0 fusion_builder_column_1_1 1_1 fusion-flex-column\" style=\"--awb-bg-size:cover;--awb-width-large:100%;--awb-margin-top-large:0px;--awb-spacing-right-large:1.92%;--awb-margin-bottom-large:20px;--awb-spacing-left-large:1.92%;--awb-width-medium:100%;--awb-order-medium:0;--awb-spacing-right-medium:1.92%;--awb-spacing-left-medium:1.92%;--awb-width-small:100%;--awb-order-small:0;--awb-spacing-right-small:1.92%;--awb-spacing-left-small:1.92%;\"><div class=\"fusion-column-wrapper fusion-column-has-shadow fusion-flex-justify-content-flex-start fusion-content-layout-column\"><div class=\"fusion-text fusion-text-1\"><p>La propri\u00e9t\u00e9 ne poss\u00e8de pas de service de bagagerie, il n\u2019est pas possible de d\u00e9poser vos bagages avant 16H00, heure du check-in \u00e0 laquelle votre code d\u2019acc\u00e8s fonctionnera.<\/p>\n<\/div><\/div><\/div><\/div><\/div>\n","protected":false},"excerpt":{"rendered":"","protected":false},"author":4,"featured_media":0,"menu_order":0,"comment_status":"open","ping_status":"closed","template":"","format":"standard","meta":{"footnotes":""},"faq_category":[14],"class_list":["post-413","avada_faq","type-avada_faq","status-publish","format-standard","hentry","faq_category-reponses-a-vos-questions"],"_links":{"self":[{"href":"https:\/\/mandarabeach.com\/fr\/wp-json\/wp\/v2\/avada_faq\/413","targetHints":{"allow":["GET"]}}],"collection":[{"href":"https:\/\/mandarabeach.com\/fr\/wp-json\/wp\/v2\/avada_faq"}],"about":[{"href":"https:\/\/mandarabeach.com\/fr\/wp-json\/wp\/v2\/types\/avada_faq"}],"author":[{"embeddable":true,"href":"https:\/\/mandarabeach.com\/fr\/wp-json\/wp\/v2\/users\/4"}],"replies":[{"embeddable":true,"href":"https:\/\/mandarabeach.com\/fr\/wp-json\/wp\/v2\/comments?post=413"}],"version-history":[{"count":1,"href":"https:\/\/mandarabeach.com\/fr\/wp-json\/wp\/v2\/avada_faq\/413\/revisions"}],"predecessor-version":[{"id":414,"href":"https:\/\/mandarabeach.com\/fr\/wp-json\/wp\/v2\/avada_faq\/413\/revisions\/414"}],"wp:attachment":[{"href":"https:\/\/mandarabeach.com\/fr\/wp-json\/wp\/v2\/media?parent=413"}],"wp:term":[{"taxonomy":"faq_category","embeddable":true,"href":"https:\/\/mandarabeach.com\/fr\/wp-json\/wp\/v2\/faq_category?post=413"}],"curies":[{"name":"wp","href":"https:\/\/api.w.org\/{rel}","templated":true}]}}

Est-il possible de déposer les bagages dans le logement ou la propriété plus tôt que l’horaire du check-in ?

<div class="fusion-fullwidth fullwidth-box fusion-builder-row-1 fusion-flex-container has-pattern-background has-mask-background nonhundred-percent-fullwidth non-hundred-percent-height-scrolling" style="--awb-border-radius-top-left:0px;--awb-border-radius-top-right:0px;--awb-border-radius-bottom-right:0px;--awb-border-radius-bottom-left:0px;--awb-flex-wrap:wrap;" ><div class="fusion-builder-row fusion-row fusion-flex-align-items-flex-start fusion-flex-content-wrap" style="max-width:1248px;margin-left: calc(-4% / 2 );margin-right: calc(-4% / 2 );"><div class="fusion-layout-column fusion_builder_column fusion-builder-column-0 fusion_builder_column_1_1 1_1 fusion-flex-column" style="--awb-bg-size:cover;--awb-width-large:100%;--awb-margin-top-large:0px;--awb-spacing-right-large:1.92%;--awb-margin-bottom-large:20px;--awb-spacing-left-large:1.92%;--awb-width-medium:100%;--awb-order-medium:0;--awb-spacing-right-medium:1.92%;--awb-spacing-left-medium:1.92%;--awb-width-small:100%;--awb-order-small:0;--awb-spacing-right-small:1.92%;--awb-spacing-left-small:1.92%;"><div class="fusion-column-wrapper fusion-column-has-shadow fusion-flex-justify-content-flex-start fusion-content-layout-column"><div class="fusion-text fusion-text-1"><p>La propriété ne possède pas de service de bagagerie, il n’est pas possible de déposer vos bagages avant 16H00, heure du check-in à laquelle votre code d’accès fonctionnera.</p>
</div></div></div></div></div>
